 base 13, what is 6 - 1b?
-15
In base 4, what is -3 + 11110?
11101
In base 3, what is 20 + -12?
1
In base 14, what is 6d - 1?
6c
In base 13, what is -7 + 2?
-5
In base 7, what is 515 + -3?
512
In base 14, what is 292 + -5?
28b
In base 13, what is 62a - -1?
62b
In base 6, what is -4545 + -2?
-4551
In base 5, what is -1 + -140310?
-140311
In base 14, what is -1 - 195?
-196
In base 15, what is a + 3b1?
3bb
In base 15, what is 0 + -91e?
-91e
In base 15, what is -3 + 14?
11
In base 9, what is -5 - 265?
-271
In base 4, what is 1323 + 11?
2000
In base 6, what is -3542 - -113?
-3425
In base 4, what is 11102 - -233?
12001
In base 2, what is -1 - 111?
-1000
In base 9, what is -7 - 20?
-27
In base 7, what is -14 - 14?
-31
In base 12, what is -268 + 9?
-25b
In base 14, what is -3432 + 5?
-342b
In base 14, what is -3d + 1?
-3c
In base 6, what is -143 + -4?
-151
In base 15, what is -1 - 1ba?
-1bb
In base 14, what is -9 - -6?
-3
In base 6, what is -2 - 1501?
-1503
In base 8, what is 2310 + -2?
2306
In base 13, what is 244 + 14?
258
In base 2, what is -10011 + -11?
-10110
In base 11, what is -a95 - 0?
-a95
In base 4, what is 3 - -100301?
100310
In base 11, what is -1008 - 0?
-1008
In base 13, what is 35 + -6?
2c
In base 4, what is 23 + 102?
131
In base 4, what is -133 + -1130?
-1323
In base 9, what is -4 - 83?
-87
In base 6, what is 432 - -15?
451
In base 3, what is -2201 + 11?
-2120
In base 4, what is -1 + 0?
-1
In base 12, what is 895 - 2?
893
In base 14, what is 7b3 - 0?
7b3
In base 16, what is -300 + -5?
-305
In base 14, what is 13 + -5d?
-4a
In base 10, what is -99 - 5?
-104
In base 13, what is 6 + -5?
1
In base 2, what is -10010011111 - 101?
-10010100100
In base 9, what is 158 + -5?
153
In base 15, what is -3 - 5d?
-61
In base 11, what is 2 - -4?
6
In base 4, what is 3112 + 13?
3131
In base 2, what is -10111001101100 + 100?
-10111001101000
In base 14, what is 15 + b?
22
In base 15, what is 2 + -65?
-63
In base 4, what is 3 + -122333?
-122330
In base 5, what is 104 + -202?
-43
In base 4, what is -110 - -113?
3
In base 7, what is 42 + 1155?
1230
In base 4, what is 1 + -103030?
-103023
In base 14, what is 4 + -73?
-6d
In base 7, what is 1 - -455?
456
In base 8, what is -24 - 44?
-70
In base 11, what is -4 - -137?
133
In base 9, what is 380 + -2?
377
In base 9, what is 2 + 114?
116
In base 15, what is -1 + 21?
20
In base 13, what is -68 - -2?
-66
In base 16, what is -1b2 + 6?
-1ac
In base 4, what is -10120 - 11?
-10131
In base 4, what is 0 - 230200?
-230200
In base 3, what is -1010112 + -12?
-1010201
In base 13, what is -405 + -4?
-409
In base 10, what is 5 + 49?
54
In base 3, what is 12 - -100011?
100100
In base 16, what is 8 - -bb?
c3
In base 16, what is -5 + 42?
3d
In base 15, what is 2199 - -2?
219b
In base 5, what is -10 - 330?
-340
In base 4, what is -13233131 + 0?
-13233131
In base 3, what is 1001101 + -11?
1001020
In base 6, what is 1 + 2151?
2152
In base 2, what is -10110000100111 - 101?
-10110000101100
In base 15, what is -2b - 0?
-2b
In base 16, what is -3 - -16?
13
In base 8, what is -4 + -121?
-125
In base 14, what is -9d + -34?
-d3
In base 15, what is -e3 + -3?
-e6
In base 16, what is -9 - -1c?
13
In base 10, what is 732 + 5?
737
In base 11, what is -78 + 35?
-43
In base 7, what is -15114 + 4?
-15110
In base 11, what is -4488 + 0?
-4488
In base 7, what is -3 - -64?
61
In base 7, what is -41 + -1035?
-1106
In base 2, what is 101 - 1110100100?
-1110011111
In base 8, what is -316 - 11?
-327
In base 10, what is 45 + 30?
75
In base 10, what is -1 - -33?
32
In base 9, what is -3 + -5060?
-5063
In base 10, what is -9 + 0?
-9
In base 4, what is 21 - 1223?
-1202
In base 5, what is -13 + 3012?
2444
In base 9, what is -2 - -50?
47
In base 7, what is -12 + -1623?
-1635
In base 12, what is 18 + -176?
-15a
In base 8, what is -3361 + -1?
-3362
In base 16, what is -e - -9?
-5
In base 6, what is 314 - 43?
231
In base 13, what is 2668 + 3?
266b
In base 11, what is 2035 + 4?
2039
In base 14, what is -1 + -144?
-145
In base 16, what is -574 - 2?
-576
In base 13, what is -4 - 3?
-7
In base 6, what is 11201 + 2?
11203
In base 8, what is -125 - 166?
-313
In base 14, what is 226 + 0?
226
In base 8, what is 2 + 176?
200
In base 4, what is -203 + 3?
-200
In base 4, what is 2 - 21302?
-21300
In base 10, what is 32 - 261?
-229
In base 8, what is 24 - 702?
-656
In base 2, what is -111111 + 10001?
-101110
In base 10, what is -11 + -24?
-35
In base 8, what is 60 + 47?
127
In base 15, what is 496 - -4?
49a
In base 15, what is -e - -b9?
aa
In base 7, what is -263 + 10?
-253
In base 3, what is -220 - -1011222?
1011002
In base 7, what is -5254 + -1?
-5255
In base 7, what is 1 - 13436?
-13435
In base 13, what is -1006 - -1?
-1005
In base 8, what is -1 + -3433?
-3434
In base 7, what is -53 - 0?
-53
In base 16, what is 1055 + 4?
1059
In base 7, what is -5010 + 5?
-5002
In base 15, what is 8d + -6?
87
In base 9, what is -5 - 187?
-203
In base 9, what is 1 + 58?
60
In base 12, what is 1b68 - -5?
1b71
In base 5, what is 21104 + -4?
21100
In base 4, what is -11 - 10?
-21
In base 8, what is -2 - -6700?
6676
In base 5, what is -4 - 42?
-101
In base 2, what is 1100100100 - 100?
1100100000
In base 4, what is -21332 - -3?
-21323
In base 14, what is -11d + 2?
-11b
In base 4, what is -32 + 10?
-22
In base 11, what is 4101 - -4?
4105
In base 8, what is 14 - 5?
7
In base 2, what is 101011111011 + 10?
101011111101
In base 3, what is 100002 - 102?
22200
In base 4, what is 111 - -133?
310
In base 5, what is 210 + 0?
210
In base 15, what is 2 - -129?
12b
In base 13, what is 6 - 13?
-a
In base 14, what is 5 - -824?
829
In base 5, what is -2010 + -4?
-2014
In base 7, what is -6 - 1063?
-1102
In base 14, what is -7 - -57?
50
In base 14, what is 172 + -3?
16d
In base 2, what is 1 + -101010011?
-101010010
In base 12, what is 2260 - 1?
225b
In base 8, what is -2 + 731?
727
In base 4, what is 11 + 103300?
103311
In base 5, what is 23431 - -10?
23441
In base 2, what is -10 - 101010?
-101100
In base 9, what is 53 + 40?
103
In base 8, what is -5 - -37?
32
In base 6, what is -334 - 3?
-341
In base 8, what is 65 - 15?
50
In base 11, what is -81 + 7?
-75
In base 14, what is -7 + -22?
-29
In base 11, what is -1375 - -2?
-1373
In base 16, what is 4 + 34a?
34e
In base 7, what is 562 + 2?
564
In base 3, what is -110 + -1121211?
-1122021
In base 13, what is -234 + -43?
-277
In base 9, what is -2 + -108?
-111
In base 15, what is 383 + 1?
384
In base 9, what is 7 - -215?
223
In base 7, what is 115 - -3?
121
In base 5, what is 102 - -232?
334
In base 3, what is 1 - -10011?
10012
In base 16, what is 19 + 7?
20
In base 11, what is -1 - 8?
-9
In base 2, what is 10 - -110100010?
110100100
In base 16, what is -182 + -18?
-19a
In base 5, what is 4 + 2?
11
In base 13, what is -86 + 4?
-82
In base 3, what is 2110 - 1?
2102
In base 3, what is 12021102 - 102?
12021000
In base 9, what is 1137 - -2?
1140
In base 15, what is -1 + -8?
-9
In base 10, what is 61 + 5?
66
In base 7, what is 0 + -361?
-361
In base 14, what is -6 - 531?
-537
In base 13, what is 2 - 9?
-7
In base 11, what is -3 + -923?
-926
In base 11, what is 11 - -9?
1a
In base 2, what is -1010000001 - 0?
-1010000001
In base 8, what is 103 - 4?
77
In base 16, what is -2 - -33?
31
In base 8, what is -7 + -313?
-322
In base 15, what is -40 - -1c?
-23
In base 6, what is 523 - 0?
523
In base 12, what is 4020 - 4?
4018
In base 2, what is 11 + -1111001101001?
-1111001100110
In base 2, what is -1010000011 - 110?
-1010001001
In base 8, what is -114 - -43?
-51
In base 15, what is 13a + -12?
128
In base 2, what is -100 - -10000?
1100
In base 5, what is -20 - 2242?
-2312
In base 12, what is 3 + -6b?
-68
In base 7, what is 3 + 26?
32
In base 6, what is 114 + -4?
110
In base 2, what is 10 + 110110?
111000
In base 12, what is -a + b7?
a9
In base 15, what is 70 + e?
7e
In base 3, what is -11012 - -11?
-11001
In base 16, what is 44 + 1aa?
1ee
In base 14, what is 4 + -32?
-2c
In base 13, what is 1 + 779?
77a
In base 8, what is 3 + -45?
-42
In base 16, what is 1c + -3?
19
In base 10, what is 0 - 118?
-118
In base 5, what is -13332 - 2?
-13334
In base 4, what is 2 - -12?
20
In base 6, what is -2 + 40?
34
In base 5, what is -103332 + -10?
-103342
In base 12, what is 41b9 - -3?
4200
In